lse
Is 1235771 a prime number?
False
Is 84369391 a prime number?
True
Is 25709581 a composite number?
True
Is 1679773 a composite number?
False
Is 3646633 prime?
True
Is 2330605 a composite number?
True
Is 95356483 a prime number?
True
Is 11358797 prime?
False
Is 1281871 a composite number?
False
Is 8584267 prime?
False
Is 106634729 prime?
True
Is 15995227 a composite number?
False
Is 104964283 a prime number?
False
Is 424261 prime?
True
Is 10217897 composite?
True
Is 1935509 a prime number?
True
Is 9650009 a composite number?
True
Is 16045089 prime?
False
Is 908287 composite?
False
Is 203761 composite?
False
Is 7354111 a composite number?
False
Is 30631 a prime number?
True
Is 16732997 composite?
False
Is 242747 composite?
False
Is 3764267 composite?
True
Is 604973 a composite number?
False
Is 15375631 prime?
False
Is 441075155 a prime number?
False
Is 1410587 prime?
True
Is 5232817 composite?
True
Is 3001583 a prime number?
False
Is 14275567 a composite number?
False
Is 49482679 a composite number?
True
Is 9307973 prime?
True
Is 1442741 a composite number?
True
Is 700055431 composite?
False
Is 10400449 a prime number?
True
Is 8948245 composite?
True
Is 26781017 prime?
True
Is 3068749 a composite number?
False
Is 3703991 a composite number?
True
Is 31293979 a prime number?
True
Is 724547 a composite number?
False
Is 65337737 a prime number?
False
Is 835313 prime?
True
Is 13093537 a composite number?
False
Is 2922851 prime?
False
Is 17056295 a composite number?
True
Is 131055679 prime?
False
Is 582421 a prime number?
False
Is 2823707 prime?
False
Is 55367569 a composite number?
False
Is 8202023 composite?
False
Is 35843699 composite?
False
Is 36154399 a composite number?
False
Is 1126781 a prime number?
True
Is 465772757 a composite number?
True
Is 10933565 composite?
True
Is 897466243 composite?
False
Is 37320887 composite?
False
Is 817783 a composite number?
False
Is 632297 prime?
True
Is 5763413 a composite number?
False
Is 35732659 prime?
True
Is 50839013 a composite number?
False
Is 737617073 prime?
True
Is 96447677 composite?
True
Is 1125991 a prime number?
True
Is 863520833 prime?
False
Is 50697233 a composite number?
False
Is 7283033 prime?
False
Is 1159877 a prime number?
True
Is 6244585 a composite number?
True
Is 2458823 a composite number?
True
Is 4007387 prime?
False
Is 1018584481 a prime number?
False
Is 205635389 a composite number?
True
Is 129336833 composite?
True
Is 22452751 composite?
True
Is 115921985 a prime number?
False
Is 5186261 composite?
False
Is 68891813 a composite number?
False
Is 333409429 a composite number?
False
Is 3556669 a composite number?
False
Is 1449694 prime?
False
Is 414704159 a composite number?
False
Is 327494287 composite?
True
Is 1492759 a composite number?
True
Is 690769 prime?
False
Is 262033127 a composite number?
False
Is 14626405 a composite number?
True
Is 5932657 prime?
True
Is 181572251 composite?
True
Is 121713971 a prime number?
False
Is 262573 a prime number?
False
Is 4626889 composite?
False
Is 77940455 composite?
True
Is 7896523 a composite number?
True
Is 13207483 prime?
False
Is 13952149 prime?
True
Is 353963 prime?
True
Is 215063 a prime number?
True
Is 151159051 a prime number?
True
Is 71260097 a composite number?
False
Is 136022177 a prime number?
False
Is 50913953 composite?
False
Is 2100323 prime?
False
Is 21053447 composite?
True
Is 56100631 composite?
False
Is 14842901 composite?
False
Is 313141 a prime number?
False
Is 62779753 composite?
True
Is 146388257 prime?
True
Is 3158647 composite?
True
Is 23743583 composite?
False
Is 6134419 prime?
True
Is 3826181 a prime number?
False
Is 1562213 a prime number?
False
Is 554503 prime?
True
Is 2846231 prime?
False
Is 19595027 prime?
True
Is 154027009 a prime number?
True
Is 36392423 composite?
True
Is 83583359 a composite number?
True
Is 10690177 composite?
False
Is 642113 composite?
False
Is 11345549 a composite number?
False
Is 1783411 prime?
False
Is 336488807 a composite number?
True
Is 35670517 a composite number?
False
Is 6321079 a composite number?
False
Is 62193383 composite?
True
Is 10778819 a composite number?
False
Is 25989007 a prime number?
False
Is 12335243 prime?
True
Is 6777923 a prime number?
True
Is 14793919 composite?
True
Is 29772551 a composite number?
False
Is 383171 prime?
True
Is 118820111 a prime number?
True
Is 3061841 a composite number?
False
Is 11125321 a prime number?
False
Is 3848161 composite?
False
Is 20476361 prime?
True
Is 52708703 a prime number?
True
Is 2514217 composite?
False
Is 108498841 composite?
True
Is 5102917 composite?
True
Is 22612189 a prime number?
True
Is 56879554 composite?
True
Is 39939677 composite?
False
Is 23782457 composite?
False
Is 4858195 a composite number?
True
Is 19166351 a prime number?
True
Is 846247 prime?
True
Is 370546301 prime?
True
Is 771739 prime?
True
Is 16653295 prime?
False
Is 313206899 prime?
True
Is 979949 composite?
False
Is 12869651 a composite number?
False
Is 834437 a composite number?
True
Is 4012441 composite?
False
Is 355299127 composite?
False
Is 33231329 a composite number?
False
Is 1432351 prime?
True
Is 91079 composite?
False
Is 11283169 a prime number?
False
Is 2135447 composite?
False
Is 15370331 a prime number?
False
Is 57414689 a composite number?
False
Is 493093 a prime number?
True
Is 121508441 a prime number?
True
Is 24291145 a prime number?
False
Is 3808393 prime?
False
Is 249559 a prime number?
False
Is 357793 a composite number?
False
Is 3244187 composite?
False
Is 431205029 composite?
False
Is 8965393 a composite number?
False
Is 5419793 prime?
False
Is 95742763 prime?
True
Is 324932107 a composite number?
True
Is 1106531 composite?
False
Is 1675061 a prime number?
False
Is 4667849 prime?
False
Is 47943533 prime?
False
Is 1463260489 a prime number?
True
Is 67973 a prime number?
False
Is 4579373 a composite number?
True
Is 147180259 a composite number?
False
Is 7030657 prime?
False
Is 40865947 a composite number?
False
Is 4643185 a composite number?
True
Is 20464979 prime?
True
Is 3266555 a prime number?
False
Is 284881 a composite number?
False
Is 51585007 composite?
True
Is 12004319 a prime number?
True
Is 57811651 composite?
True
Is 44223523 a prime number?
True
Is 24827237 a composite number?
False
Is 19641449 composite?
False
Is 155945143 a composite number?
False
Is 204854849 a prime number?
True
Is 93358229 prime?
False
Is 116936913 a composite number?
True
Is 6432761 a prime number?
False
Is 133995494 prime?
False
Is 72100001 composite?
True
Is 47940569 a prime number?
True
Is 964562 a prime number?
False
Is 8153497 composite?
True
Is 70866221 prime?
True
Is 22419263 a composite number?
False
Is 1912577 composite?
False
Is 160323727 composite?
True
Is 7368187 composite?
True
Is 200287643 a composite number?
True
Is 22126463 a composite number?
True
Is 8441191 a composite number?
True
Is 92800367 composite?
True
Is 152224049 prime?
False
Is 7262501 prime?
True
Is 1407139 a composite number?
True
Is 103709339 a prime number?
True
Is 104366741 a composite number?
True
Is 85406833 a prime number?
False
Is 200077669 a prime number?
False
Is 117567439 a prime number?
False
Is 1014593 composite?
False
Is 2404891 prime?
True
Is 214127 prime?
False
Is 25307587 prime?
True
Is 6108007 a composite number?
False
Is 192887507 prime?
False
Is 11224559 composite?
False
Is 4689647 a composite number?
True
Is 217334209 a composite number?
False
Is 3004823 a composite number?
True
Is 26326315 a composite number?
True
Is 72247097 a prime number?
False
Is 653479 composite?
True
Is 157578467 composite?
False
Is 214420811 a composite number?
True
Is 1673377 a composite number?
False
Is 31315111 composite?
False
Is 4916629 a composite number?
False
Is 2052509 a prime number?
False
Is 72817 composite?
False
Is 5730511 a prime number?
False
Is 1045591 a prime number?
False
Is 23260717 a composite number?
False
Is 341041 composite?
False
Is 1104090719 prime?
True
Is 1933921 a prime number?
False
Is 38896813 composite?
True
Is 2665387 prime?
True
Is 11961991 composite?
False
Is 86087 a composite number?
True
Is 91824721 composite?
False
Is 28351771 composite?
True
Is 52654799 prime?
False
Is 6276055 a prime number?
False
Is 271661 prime?
False
Is 283859 p